t is -64 - (7 + -9 + 18) - (-1 + (-5 - 1))?
-73
Calculate 47 - (20 + (-4 - 1 - 4) + -3 + 0).
39
-134 + 312 + -92 + 32
118
What is -4 + -19 - (-25 + (74 + -30 - 28))?
-14
What is 10 + -10 + (-3 - (20 + -7)) + 9?
-7
-14 + (0 - -1) + 15 + -10 + 2 + -4
-10
-77 + 56 + (-14 - -3 - 18)
-50
Evaluate 11 - 55 - (143 + -239).
52
Calculate 24 + -9 + (2 - (-9 + -9)).
35
What is -147 + 190 - (2 + 32)?
9
(-7 - -99 - 59) + (-2 - -2)
33
What is the value of 30 - (-3 + (8 + -14 - 12) + 18)?
33
What is (-78 - (-102 - -12)) + -86?
-74
-9 - (-9 - (-1 + -36 - (94 + -74)))
-57
What is the value of -3 + 4 + 36 + 92 + -21?
108
Calculate 56 - (26 - 9 - -76).
-37
Evaluate (15 + 11 + -21 - (-3 - 1)) + -5 - -10.
14
What is -8 - (-30 - -37) - (3 - -7)?
-25
Evaluate (54 - 90) + 0 + 17.
-19
Calculate 93 + (-117 - -80 - -11) - ((4 - 2) + 10).
55
Calculate -4 - (8 + (-31 - (-5 - 16))) - -94.
92
Evaluate -13 + 4 + -28 + 39 - -14.
16
What is (-62 - -79) + -29 + 3 - (5 - 0)?
-14
Evaluate 132 + 21 + (10 - 46) - 11.
106
What is -22 - 46 - (123 + -220)?
29
What is -2 + 15 + (4 - -22 - -1) + 13?
53
What is (-188 - -45) + 85 + 24?
-34
What is (4303 - 4305) + (-1 - (2 - -14)) + -85?
-104
What is the value of -155 + -19 + 74 + 117?
17
What is the value of 32 + 120 + -93 + 29 + (0 - 3)?
85
What is (-10 - 8) + 4 + 59 + -1 - (-1 - -3)?
42
Calculate -5 + 49 + (-63 - -45) + -1.
25
Calculate -63 - (-59 + 63 + -30).
-37
Calculate 10 - -6 - (325 + -351).
42
Evaluate -15 - ((-22 - -46) + -27 - -11).
-23
27 + (-28 - 15) - (8 + -77)
53
What is the value of 38 + 22 - (4 - (3 + -14 - (-8 + 2)))?
51
Evaluate 3 + (4 - 7 - (4 + -6 + 53 + -2)).
-49
What is the value of -13 + 11 + -14 + 6 - (-27 - (-3 + 2))?
16
What is the value of (2 - 0 - 6) + 128 + -63 + 32 + -42?
51
Calculate (2 - 5) + (71 - (116 + 4)).
-52
What is the value of (4 - -3) + (-96 - -46)?
-43
What is (-3 - (8 - (2 + 4 + -2))) + -33?
-40
Calculate -49 + 60 + (-7 - -24).
28
What is the value of 1 + (-71 - (55 + -207)) + (1 - 1) + 13?
95
Evaluate -58 - 0 - (-2433 - -2396).
-21
Calculate (17 - (-400 + 403 + -7 + 0)) + 16.
37
-1 + 2 + (-2298 - -2357)
60
Evaluate -5 - 0 - 0 - -17 - (427 + -335).
-80
What is 4 + 4 + 79 - ((-19 - (-34 - 3)) + -10)?
79
What is (-496 - -485) + 27 + 0 - -1?
17
What is (7 - (-3 - (-11 + 9))) + (-44 - (0 - 2))?
-34
What is 63 + (-7 - -10) + (66 - 76 - (-14 - 0))?
70
Calculate -7 + -11 - -2 - (420 - 499).
63
-22 + -14 + 1 + 21 + -6
-20
What is -35 - (34 + -116 + 18) - 124?
-95
Evaluate (9 - -86 - 9) + (-28 - -5).
63
What is the value of -2216 + 2216 + (45 - 0)?
45
What is 118 - ((39 - (-10 - -26)) + -7) - (1 - -2)?
99
What is (-5750 - -5584) + 1 + 72?
-93
What is the value of -3 + 0 - ((-18 + 6 - -34) + -46)?
21
1 - -33 - ((208 - 220) + 57)
-11
Calculate -74 + 111 + -105 - -71.
3
What is the value of 34 + -18 - 27 - 13 - 14?
-38
Calculate (-6 + (-8 - -4) - -4) + 9 + -77 + 44.
-30
Calculate (-781 - -674) + (63 - 3).
-47
What is -25 + -7 + 28 + 8 + -79?
-75
What is the value of 11 - (8 + 0 + 5 - -5) - 2?
-9
-13 - -1 - (61 + -102 + 58)
-29
What is the value of 29 - 31 - (-6 + 1) - -3 - (47 - 90)?
49
What is (-8 - -2 - (-9 - -1)) + (6 - 1) + 67?
74
What is the value of -16 - (-10 + (-22 - (-84 - (0 - 11))))?
-57
Calculate 1363 + -1261 + 0 + -87.
15
What is -36 - -42 - (30 + -12) - 13?
-25
78 - (228 - -5 - 105)
-50
Evaluate 2 + -10 + (6 - -13) - (15 + -18 + 27).
-13
Evaluate (-11 - 39) + (48 - -20).
18
What is (0 - (53 - 12)) + 16?
-25
Evaluate 7 + 3 + 0 + 5 + -11 - (-1 - 8).
13
What is the value of -63 - 0 - (7650 + -7647)?
-66
-28 - (-16 - (7 + 7 + -19)) - 11
-28
Evaluate -19 + -1 + 22 + -11 + 0.
-9
Calculate 2 + (3 - 58 - 3) + (-21 - (-44 + 18)).
-51
What is 6 + (-10 - (-16 - (-7 + -7 + -15)))?
-17
What is (27 + -78 - -46) + (-1 - -25)?
19
What is 5 + 75 - (-15 - (-11 - (12 + -17 - -2)))?
87
Evaluate 0 + 5 + (-20 - 2 - (-7 - (-77 - -157))).
70
Evaluate -3 + 23 - (-4 + (7 - 4) - -8).
13
Calculate 7 - ((1 - -17) + (86 - (-7 - -55))).
-49
Evaluate 3 + -12 + 6 + 46 + -7.
36
Evaluate (-1134 - -1200) + (1 - 51).
16
84 + -2 + ((-36 - 61) + 75 - (-2 + -6))
68
What is the value of -56 - ((79 - 86) + -69)?
20
What is the value of (14 - (0 + -1) - (40 + -29)) + 8?
12
What is the value of -8 + -4 + ((4 - -3) + 0 - 1)?
-6
What is (30 - -2) + 132 + -143?
21
Calculate (-13 + 27 - (37 - 30)) + 2.
9
What is (56 - -1) + (-102 - -126) + (12 - (46 + -1))?
48
What is the value of -5 + 2 + (-88 - -80) + (1 - 34)?
-44
Calculate -7 - ((-14 - (-23 - -2) - (-23 + 0)) + 4).
-41
Calculate (8 - (-1 - -22)) + -2 + 9 + 1 + -1.
-6
76 + -66 + 39 + -11
38
-9 + (-13 - (-41 + 5))
14
What is -23 + (11 - (-4 - (8 - 19))) + 12 - -65?
58
Evaluate 1 + 18 + (-16 - -4 - 1) - 27.
-21
What is (80 - 52) + -58 + -11?
-41
What is the value of 129 + -184 - -53 - (2 + (0 - 48) + 1)?
43
What is the value of 28 + (-4 + -49 + 29 - -14)?
18
Calculate -5241 + 5243 - (3 + -1 - 121).
121
What is the value of 59 + -46 + -33 + (-3 - -66)?
43
Evaluate -2 + 34 - (-3134 - -3203).
-37
Evaluate -71 + (-15 + -151 - -135).
-102
What is the value of (-75 - -2) + (-255 - -266)?
-62
24 - ((-4 - 21) + 16) - -16
49
Evaluate 12 + 94 + -44 + 28 + (8 - -11).
109
37 - (-1 - 0 - -11 - (-2 + 8))
33
What is the value of (60 - 0) + -63 + -4?
-7
Evaluate (-259 + 285 - ((-2 - -1) + 10)) + 6.
23
Calculate -3 + 52 + 11 - (-47 - -57).
50
What is the value of 7 + -5 + (-2 + -2 + 3 - (-8 + -4))?
13
Evaluate 3 + 0 + 17 - (-40 - -92).
-32
What is the value of -5 + 21 - (42 - 10)?
-16
What is the value of 0 + -45 - (141 - (-96 + 232))?
-50
-9 - 27 - (2 + 0 + 0)
-38
Calculate -12 + (-43 - (8 + -54)) + (5 - -1) - 36.
-39
-260 + 167 + 66 + (1 - -114)
88
Calculate (-84 - (-65 + 56 - (-2 + -2))) + -12.
-91
Evaluate (-311 - -302) + (1 - -8) + 5 + -3.
2
What is -36 + (60 - (38 + -40)) + -87?
-61
What is (65 - 2) + (-53 - -4)?
14
-4 - -1 - (3 + -1) - (241 + -301)
55
-47 - (-2 + 16 - (1 + 17 - 18))
-61
What is the value of 102 + -1 + (257 - 426)?
-68
(-9 - -7) + (16 - (3 + 0)) + -65
-54
What is the value of (35 - -50) + 6 + 0 + 156 + -156?
91
Evaluate 1 - ((11 - (-4 + 26)) + (-4 - 34)).
50
Evaluate (-1 - ((-8 - -16) + -22)) + -10.
3
-27 - ((77 - 3) + -24 - 19)
-58
-495 + 523 - (17 + 3) - (0 - 17)
25
What is -14 + -19 + 6 - -107?
80
Calculate -6 - -1 - (46 + (-10 - (-10 + 15)) + -23).
-13
What is (65 - 49) + 20 + -94?
-58
What is the value of 0 + 0 + 0 + -1 - (-414 - -750 - 308)?
-29
What is 0 + (13 - -49) + -23?
39
What is (18 - (39 + -19) - (-18 + -3)) + 6?
25
What is 129 + (0 - (-7 + (33 + -21 - -9)))?
115
Evaluate (-5 - -7) + -18 - (-84 - (-70 - -73)).
71
Evaluate 76 - (15 - 87 - -108).
40
Calculate (-77 - (17 + (16 - 20))) + (-13 - -20).
-83
(111 - 0) + (-9431 - -9405)
85
What is -11 - -6 - (9 + 36 + -152)?
102
What is the value of -28 - (50 - (12 + 116))?
50
Evaluate (-19 + 85 - 56) + -1 + -2 + 1.
8
7 - (-1 + 91 + (50 - 71))
-62
What is 4 + 1 + -3 + -7 + 530 + -556?
-31
What is the value of (-2 - -69) + -597 + 561?
31
Evaluate (-44 - -28) + (3 - (1 + 15 + 0)).
-29
What is (-13 - -24) + -1 - (43 + -3 + 0 + 4)?
-34
What is the value of (10 - 3 - 15 - -20) + (22 - 88)?
-54
(400 - 405) + -2 + -2 - -5
-4
What is -73 + 24 + 70 - 9?
12
What is the value of (16 - 11 - (-22 - 4)) + 21?
52
Evaluate -46 + -2 - (-405 - -357).
0
What is (-27 - -7) + -12 - (-395 + 338)?
25
What is the value of 4 - (-43 - -24) - (15 - -70)?
-62
(-27 - (32 - 38)) + 2
-19
Evaluate 3 - (-2 + 2) - (53 - (-50 + 151)).
51
13 + (29 - (33 - 1)) + 37
47
What is the value of 13 + 18 + 9 + -8 + 10?
42
What is 21 - (5 + (43 - 29) - -25)?
-23
What is the value of 7 - ((-11 - -21) + -48 + -1 - (-12 + 7))?
41
(1 - -1 - 17) + -403 + 454
36
What is the value of -31 + -15 + 10 + -5 + 6?
-35
33 + (8 - -2 - (237 - 217))
23
Evaluate -45 + -33 + (-5 - (3 + 7)) + 29.
-64
Calculate 98 - -5 - 14 - 144.
-55
Calculate 2 + (-9 + 1 - (-4 - (8 - 7))) + -117.
-118
Calculate (-294 - -274) + (0 - -27) - 8.
-1
Evaluate 26 - 7 - (-65 + 116 + 49).
-81
Evaluate (28 - (37 - 18) - (-2 - -1)) + -70.
-60
What is 181 + (-51 - (2 - -19))?
109
What is 64 + (-25 - -28 - 22 - -9)?
54
What is the value of (-2 - -6) + (6 - 1 - -6) + -98 + 20?
-63
-51 - ((9 - -17) + -105) - 57
-29
-1 + (0 - -13) + (-25 - (-21 + -2))
10
-6 + -11 + (-52 - (39 + -63))
-45
What is the value of (-5 + 4 - -5